s digit of b(-3)?
6
Suppose -4*k = 39 - 135. Let n = k - 53. Let b = n + 78. What is the tens digit of b?
4
Let a(f) = f**3 + 13*f**2 + 20*f - 13. Let g be a(-11). Let o(n) = -n**3 + 11*n**2 - 2*n + 7. What is the tens digit of o(g)?
5
Let a = 1 - -16. Let t = a + 5. Suppose -90 + t = -4*q. What is the tens digit of q?
1
Let h(p) = -2*p**2 - 5*p - 3. Let k be h(-2). What is the units digit of (-3)/k + 3/3?
4
Suppose 5*n = -2*d - 43, -3*n + 2*n + 175 = -5*d. Let k = d - -96. What is the units digit of k?
2
Suppose 23 - 59 = -3*h. Let b(y) = -h - 17*y**2 + 6*y**2 + 13*y**2 - 6*y. What is the units digit of b(6)?
4
What is the tens digit of ((-2390)/(-3 + 13))/((-2)/8)?
5
Let m be 83/3*(8 - 5). Let f = -18 + m. What is the units digit of f?
5
Let d be 5/10 + (-3)/(-2). Let p(u) = 3*u**2 + u - 2. Let n be p(d). What is the units digit of ((-6)/n)/(1/(-10))?
5
What is the tens digit of ((96/20)/(-4))/((-6)/3165)?
3
Suppose -5*d + 8 = -4*c - 26, -4*c = 3*d + 50. Let q = 8 + c. What is the tens digit of (23/q)/((-3)/9)?
2
Suppose 502 + 6 = -2*q. Let s = -153 - q. What is the tens digit of s?
0
Let q = 35 + -32. Let j = 19 + q. What is the tens digit of j?
2
Suppose 2*z - 10 = -3*z. Suppose 161 = -z*p + 451. What is the units digit of p?
5
What is the units digit of (237/(-12))/((12/16)/(-3))?
9
Suppose 106*x = 65*x + 114554. What is the units digit of x?
4
Let f = -43 - -42. Let d = 18 + -9. Let k = d + f. What is the units digit of k?
8
What is the tens digit of 6 + 1 + (-1265)/(-55)?
3
Suppose -31*l + 17437 = -4666. What is the units digit of l?
3
Suppose 4*m - 15 - 25 = 0. Suppose 0 = -m*j + 647 + 823. What is the units digit of j?
7
Suppose -7*i - 173 - 9 = 0. What is the tens digit of (-1920)/i + 14/91?
7
Let u = 5512 + 1020. What is the hundreds digit of u?
5
Let i = -3 + 6. Suppose 4*d + 4*v = 96, 72 = -0*d + i*d + v. Suppose -34 = -26*q + d*q. What is the units digit of q?
7
Let u be 9/(-3*(-2)/4). Suppose 4*t + u = 6*t. Suppose -25 = 5*n, 0*n - 174 = -t*q - 3*n. What is the tens digit of q?
6
Let w = 54 - -348. What is the units digit of w?
2
Suppose -4*v - 4*k + 2404 = -v, 3*v - 2439 = 3*k. What is the hundreds digit of v?
8
Let n(u) = 2*u**3 + 16*u**2 + u - 16. Suppose 50 = -7*k + 1. What is the units digit of n(k)?
5
Suppose 2*s + 3 = 3*s. Suppose s*r - 140 = -4*g - r, 2*g - 82 = -5*r. What is the units digit of g?
1
What is the units digit of (0 + -358)*(-9)/9?
8
Let u(p) = p**3 - 27*p**2 - 28*p + 29. What is the tens digit of u(28)?
2
Suppose -282 = -5*c + 118. Let t be (-17)/(-6) + 2/12. Suppose t*i - c = -17. What is the tens digit of i?
2
Suppose -244*l + 252*l = 9824. What is the hundreds digit of l?
2
Let v(q) = q**2 + 25*q - 127. What is the units digit of v(-32)?
7
What is the hundreds digit of (-2)/(-3) - (892192/24)/(-14)?
6
Let z = -1211 + 7150. What is the hundreds digit of z?
9
Suppose -2*g - 9 = -w - 3*g, 22 = 4*w - 3*g. Suppose -u - 612 = -w*u. What is the tens digit of u?
0
Let h = 3 - -2. Suppose -205 = -h*z - 0. Let d = -22 + z. What is the tens digit of d?
1
Suppose -3*i = -2*k - 57, 4*i - 76 = 2*k + 3*k. Let w(o) = -o**2 + 18*o - 15. Let y be w(i). What is the units digit of 1/(100/y + 3)?
7
Let g = -35 + 272. What is the tens digit of g?
3
Suppose -4*b = -4 - 8. Suppose 16 = c - o, -4*c + b*o - 4*o = -44. What is the units digit of c?
2
Suppose t - 7 = -3*d, 13 = t + d + 4*d. Let c be (21/6)/(-1)*t. What is the tens digit of 4/c - (-2373)/49?
4
Suppose 14*d + 690 = 29*d. What is the tens digit of d?
4
Suppose 0 = -15*v + 121 + 149. Suppose -2151 = -v*n + 9*n. What is the units digit of n?
9
Suppose 7*d - 4279 - 1720 = 0. What is the units digit of d?
7
Let q(m) be the first derivative of -m**4/4 + 4*m**3 + 3*m**2 - 14*m + 1. What is the units digit of q(12)?
8
Suppose 4*d = 2282 + 1994. What is the units digit of d?
9
Let x be (-4)/3*(-3)/2. Suppose -x*z - 14 + 62 = 0. What is the units digit of z?
4
Let n = 508 + -247. What is the hundreds digit of n?
2
Let w(z) = z**3 - 5*z**2 + 14*z + 5. Suppose 32 = 4*j - 0*n - 2*n, -3*j + 30 = -3*n. What is the tens digit of w(j)?
2
Suppose 3*l = -0*l, -l = -4*m + 392. Let f = -54 + m. What is the tens digit of f?
4
Let z(v) = -12*v - 1. Let c be 9/6*(-8)/3. Let g be z(c). Let q = -19 + g. What is the tens digit of q?
2
Let k be 46/14 + (-18)/63. Suppose -o = k - 11. What is the units digit of o?
8
Let k(o) be the first derivative of 2*o**3/3 - 3*o**2 + 9*o - 12. What is the tens digit of k(7)?
6
Suppose 0 = 6*k - 10*k + 144. What is the units digit of 117/k - 1/4?
3
Let t be (0 + -636)*(21 + -18). What is the hundreds digit of (t/5)/(-3) + 15/(-75)?
1
Let j(m) = -6*m + 12. Let k(g) = 2*g**2 - 3*g - 5. Let s be k(4). Let b be j(s). Let z = 115 + b. What is the tens digit of z?
3
Suppose 12*i = 15*i + s - 6760, -2*i + 5*s = -4484. What is the tens digit of i?
5
Let z(p) = p**3 + 9*p**2 - 14*p - 11. Let h be z(-10). Let l = h + -27. Suppose 3*r - l*r + 3*a = 19, 0 = 4*r + 3*a - 112. What is the tens digit of r?
3
Let b = 7 + -5. Suppose -k = -0*k - b. Suppose 0 = -k*x + 2*s + 4, 0 = -x - 5*s + 3*s + 5. What is the units digit of x?
3
Suppose 0 = m - 2*m - 5*g + 32, 4*m + 2*g - 110 = 0. Suppose -6 + 0 = 2*d. Let p = m - d. What is the tens digit of p?
3
Suppose -43313 - 48460 = -27*u. What is the thousands digit of u?
3
Let c be -25 - (-4 - (-2 + -2)). Let z = c - -60. What is the units digit of z?
5
Suppose 2*p = -5*h - 296, 2*h + 2*p = -2*h - 236. Let z = h + 157. Suppose -5*q - 12 + z = 0. What is the units digit of q?
7
Suppose -2*o + 3*v = o + 12, -3*o - 5*v - 12 = 0. What is the tens digit of 0/(o - -3) - (-3 - 88)?
9
Suppose l + 51 = 4*l. Suppose 0 = y - 69 - l. What is the tens digit of y?
8
Suppose 0 = -5*n + 2*h + 4, -3*n - h = -0 + 2. Suppose -7*y + 120 + 13 = n. What is the tens digit of y?
1
Let o(k) = -3*k**2 + 4*k + 2. Let v(u) = 15*u**2 - 21*u - 10. Let h(d) = 22*o(d) + 4*v(d). Let i be h(5). What is the units digit of (2/(-3))/(6/i)?
4
Let c = 65 + -64. Let j(s) = -2*s - 2*s + 55*s. What is the tens digit of j(c)?
5
Let j(k) = -k**3 + 23*k**2 - 25*k + 17. Let t be j(17). What is the units digit of (-2)/5 + t/15?
8
Suppose 43*f = 6442 + 8479. What is the units digit of f?
7
Suppose 0 = -2*m - f + 657, -5 = -8*f + 3*f. What is the tens digit of m/11 - 6/(-33)?
3
Let o(i) = 3*i + 1. Let v be o(1). Suppose t - 13 = f, 62 = 4*t - 3*f + v*f. What is the tens digit of t?
1
Let s be (-10)/(-6) + (-10900)/(-30). Let l = s + -233. Suppose 2*g = -0*g + l. What is the tens digit of g?
6
Suppose 7 = 2*w + 3. Suppose -w*t - 42 = -j - 0*j, 3*j = -t + 133. What is the units digit of (-2 + 1)*(3 - j)?
1
Let f = 31 + -31. Suppose f = 5*d + 3*y - 501 + 120, -67 = -d + 4*y. What is the units digit of d?
5
Let z = -51 - -71. Let v be z/6*(-42)/(-7). Let d = v + -5. What is the tens digit of d?
1
Let k(a) = a. Let u be k(2). Suppose -5*c + c + 128 = -u*n, -5*n - 150 = -5*c. Suppose -2*v = d - 5*d - 64, v = 3*d + c. What is the units digit of v?
8
Let i = -4 + 19. Suppose -4*j + 8 = -s, 7*s - 12*s = 3*j - 6. Suppose 3*h - i = -j*v + 4, -4*h = -v - 18. What is the units digit of h?
5
Let g = 2447 + -1314. What is the units digit of g?
3
Suppose -3*p - 5*m = -1455, 0 = 12*p - 14*p - 3*m + 969. What is the hundreds digit of p?
4
Let i = -1 - -3. Suppose -4*u = i*d - 24, -4*d + 16 = -2*u + 6*u. What is the units digit of u?
8
Let k(j) = -5*j + j + 2*j**3 - 5*j**2 - 7 - j**3. Let h be k(6). Suppose -5*o = -u - 75, -h*u + 79 = 4*o - 2*u. What is the units digit of o?
6
Suppose 2*v = 3*v + 4*g - 7, 3*g + 81 = 5*v. Suppose 16*x - 5 = v*x. What is the units digit of x?
5
Let i(u) = -9*u + 5*u**2 - 11 - 7*u - 6*u**2. What is the units digit of i(-13)?
8
Suppose -2*h + 12 = 2*k, -2*k - 4 = 3*h - 17. Suppose -k*b - 186 = -8*b. What is the units digit of b?
2
Suppose -167*n + 168*n + 4*i - 17 = 0, -2*i - 79 = -3*n. What is the tens digit of n?
2
Suppose -3*y - 3*f + 3563 = -y, 4*y - 2*f - 7086 = 0. What is the units digit of y?
4
Suppose 5*c - 76 = i + c, 2*i + 3*c = -141. Let f = i - -124. What is the units digit of f?
2
Suppose 3*k = -p - 21, k - 3*p + 4*p + 9 = 0. Suppose 108*b = 105*b + 138. Let d = k + b. What is the tens digit of d?
4
Suppose -5*w + 64 = 3*y, -2*y + 3*w = -4*y + 44. Suppos